 q. Is v a multiple of 39?
False
Suppose 4*t = 6*t - 5*q + 13, 2*t - 22 = -2*q. Does 3 divide t?
True
Suppose 1465 = 37*a - 3382. Is a a multiple of 7?
False
Suppose 2*s + 4*h - 1228 = 0, -32*s - 596 = -33*s + 4*h. Is 19 a factor of s?
True
Let i(w) = -w + 63. Let n(j) = j - 62. Let l(s) = 4*i(s) + 3*n(s). Is l(13) a multiple of 42?
False
Suppose -100 = 3*r + 2*r. Let o = r + 27. Let h = o - -8. Is h a multiple of 15?
True
Suppose 11*s - 52 = 7*s. Suppose -61 = -2*w - s. Does 14 divide w*(-2 - 45/(-12))?
True
Let i(r) = -7*r + 4 + 0 - r - 13*r. Is 40 a factor of i(-5)?
False
Suppose -y = -q + 444, 9*y - 8*y = 2*q - 884. Does 31 divide q?
False
Let f = -164 + 335. Does 19 divide f?
True
Suppose -59 = -5*g + 11. Let v = g + -14. Suppose v = -d + 4, -4*w + d = 20 - 140. Is 12 a factor of w?
False
Is 24 a factor of -1 - (-9)/6 - (-2159)/2?
True
Suppose -5*n + 21 = 2*z, -5*n - 5*z + 8 = -7. Let l(j) = -j**3 + 4*j**2 + 9*j - 12. Does 2 divide l(n)?
True
Let t = 9 - 194. Let b = -76 - t. Is b a multiple of 6?
False
Let g(a) = 5*a - 14. Let k be g(5). Let w = 1 + k. Is w a multiple of 4?
True
Is 22 a factor of (-4017)/(-13)*34/6?
False
Let y(u) = -u**2 - 4*u + 11. Let d be y(-5). Suppose -d*c + 117 = 3*c. Does 9 divide c?
False
Let p(d) = -57*d - 465. Is 8 a factor of p(-9)?
True
Let i = -42 + 274. Suppose 8*b - 4*b = i. Is 14 a factor of b?
False
Let o(y) = -630*y**3 + 2*y**2 + 4*y + 2. Is o(-1) a multiple of 42?
True
Let u be 2/(-9) - 209/(-9). Suppose -119 + u = -2*a. Is 12 a factor of a?
True
Let m(q) = 5*q**2 - 36*q + 49. Is m(14) a multiple of 15?
True
Let r(a) = -a**3 - 5*a**2 - 2*a - 5. Let h be r(-5). Suppose 2*i - 4 - 55 = -v, 0 = -5*v - h. Does 5 divide i?
True
Let u be (333/(-6))/((-3)/4). Let n be 2/3 - (-8)/(-3). Let j = n + u. Does 12 divide j?
True
Let o = 7 + -20. Let x = -13 - o. Suppose -4*r - 5*q + 21 = -x*q, 0 = 4*q + 12. Is 2 a factor of r?
False
Let s(g) be the second derivative of g**4/12 - g**3 - 3*g**2/2 + 2*g. Let i be s(3). Let w = i - -22. Is w a multiple of 5?
True
Let v(f) = 82*f - 22. Is 41 a factor of v(1)?
False
Is (-3503)/(-1) + (-3 - 8/(-8)) a multiple of 16?
False
Let f = 81 + 9. Does 9 divide f?
True
Does 4 divide ((-55)/66*116)/(2/(-3))?
False
Suppose v - 2*j = 110, v - 90 = -2*j - 0*j. Is v a multiple of 61?
False
Suppose -3*a + 17 = -2*z, 2*z + 0*a = a - 7. Let x be (3 - (-1 - z)) + 272. Suppose -4*q + 5*l + x = 0, -4*q - l + 89 = -216. Is q a multiple of 15?
True
Let x be 1/(-3) + 190/30. Let a = -4 + x. Suppose -s = -a*s + 11. Does 11 divide s?
True
Does 12 divide 12*150/(-9)*6/(-5)?
True
Suppose j + 23 = 698. Does 24 divide j?
False
Suppose 0*y + 3*y - 12 = 0. Suppose -y*v = -0*v. Suppose v*o - 80 = -2*o. Does 10 divide o?
True
Let g be 110/15*9/6. Suppose 4*n - 3*n = -g. Let c = 4 - n. Does 5 divide c?
True
Let h = -6 + 16. Let i = -6 + h. Suppose 4*c = 3*b - c - 48, 2*b = i*c + 30. Is 21 a factor of b?
True
Let u(d) = -24*d**3 - 3*d**2 - 2*d - 2. Is 3 a factor of u(-1)?
True
Suppose j + 23 = -2*r - 3*r, 0 = j - 3*r - 17. Let v be -14*j/8*-4. Suppose -3*i - v = -122. Does 18 divide i?
True
Suppose 5*n = -4*q + 4064, -4*n + 416 = -4*q - 2864. Does 17 divide n?
True
Let b(y) = 2*y**2 - 4*y + 2. Let p be b(2). Suppose -2*d = p*w, 2*w - 4*d = 3*w. Suppose w = -2*o + 3*o - 30. Does 10 divide o?
True
Suppose -2*c + 0*c + 6 = 4*y, c = -4*y + 5. Is 4 a factor of 140/40 + y/2?
True
Let i be -3 + 1 - -3 - 5. Let b be i/18 + 320/(-18). Does 4 divide (b/4)/((-4)/8)?
False
Let t be (2 - 3)/(1082/(-361) - -3). Is (t/(-57))/(2/6) a multiple of 3?
False
Let k(m) be the third derivative of m**6/120 + m**5/10 + m**4/24 - m**3/6 - 3*m**2. Is 6 a factor of k(-4)?
False
Let l = 4266 + -1964. Is l a multiple of 17?
False
Let p(u) = -u**3 + 11*u**2 - 6*u - 9. Let r(n) = -n**3 + 10*n**2 - 5*n - 8. Let v(f) = -6*p(f) + 7*r(f). Let l be v(4). Let h = 34 - l. Is 15 a factor of h?
False
Suppose 276 = 3*q + 3*i, 0*i + 2*i = q - 80. Is q a multiple of 22?
True
Let o be 0 + (0 - (-4 - -2)). Suppose 3*l - l = o*i - 14, -2*i - 5*l = 21. Suppose 0 = 2*v - i*a - 62, -4*a + 137 = 5*v - 18. Is v a multiple of 19?
False
Suppose 10*v - 2*v = 48. Suppose v*a - 2*a - 240 = 0. Is 10 a factor of a?
True
Let c = 1051 + -911. Is c a multiple of 10?
True
Suppose 306 = 3*o - 450. Suppose 3*v = 4*w - o, 3*w + 315 = 8*w - 3*v. Is 21 a factor of w?
True
Suppose 37*i - 3828 = 8*i. Is i a multiple of 69?
False
Let q(g) = g**3 - g**2 + 34*g + 351. Does 24 divide q(0)?
False
Let g(p) = 84*p + 1. Let s = 2 + -3. Let h be g(s). Let j = -47 - h. Does 18 divide j?
True
Let v(b) = 74*b**2 - 142*b**2 - b**3 + 2 + 15*b + 81*b**2. Let i be (8 + -2)*(-7)/(-3). Is 9 a factor of v(i)?
False
Let h = 12 - 9. Let w be h*(2 - 32/12). Let t(p) = -16*p - 1. Is 10 a factor of t(w)?
False
Suppose -2*s + 2*z = -114, 3*z = -2*s + 2*z + 99. Let q = s - 29. Is q - 3*(-1 - -2) a multiple of 10?
True
Is 28 a factor of 6*(3 + -4) + 1814?
False
Suppose -4*j + 45 = a, 0 = -4*j + 2*a - 0*a + 30. Let c(n) = -n - 2 + j*n + 16*n + 0*n. Is c(2) a multiple of 16?
True
Let o(j) = 18*j - 32. Does 13 divide o(15)?
False
Suppose -3*g + 4*q = -31, -5*g + g = 5*q - 31. Suppose -c - 2*c + g = 0. Suppose c*v - 30 = 2*v. Is v a multiple of 5?
True
Let u = 0 - -8. Suppose -505 = -u*v + 3*v. Is v a multiple of 21?
False
Suppose 0 = -4*x - 2*x - 1446. Let v = x + 448. Does 28 divide v?
False
Let b(w) = w**3 - 6*w**2 + w - 5. Let o be b(5). Let k(y) = -y**2 - 26*y + 1. Does 21 divide k(o)?
False
Let t = -407 - -454. Does 4 divide t?
False
Let s be (4/8)/((-3)/18) + -7. Does 19 divide 6/s + 1 - (-2790)/25?
False
Suppose 4*p + p = 10. Suppose 4*h = -p*i + 94, -i = -3*i + 10. Does 7 divide h?
True
Is ((-40)/(-15) + -6)*606/(-4) a multiple of 10?
False
Suppose -4*k + 3*x + 10 = x, -3*k + 5 = x. Does 11 divide (92 - k)*(-17)/(-17)?
False
Let h(f) = -7*f - 8. Suppose -3*n - 12 = -3. Is 4 a factor of h(n)?
False
Let l = -114 - -249. Is l a multiple of 15?
True
Let p = 3197 + -5650. Does 27 divide p/(-55) - 4/(-10)?
False
Let m(v) = 2*v**3 + 64*v**2 - 49*v - 17. Is m(-31) a multiple of 33?
False
Suppose 0 = 2*g - 2. Let d(v) = 113*v + g + 6 - 118*v. Does 16 divide d(-5)?
True
Suppose 0 = 23*f - 1590 - 779. Is f a multiple of 7?
False
Let b(u) = -u**3 + 13*u**2 - 13*u - 17. Is 19 a factor of b(9)?
True
Let t = -12 + 13. Let o be (-6)/12 + t/2. Suppose g - 3*b - 43 = o, 2*g - 2*b - 35 = 39. Is 17 a factor of g?
True
Let b(m) = m**3 + 12*m**2 + 11*m + 5. Let o be b(-11). Suppose 2*s = 3*p + o*s - 102, p + 3*s = 32. Does 5 divide p?
True
Let n = 28 - 32. Let j be 43 - 3 - (n - -7). Suppose -6*y + 3*y + 3 = 0, -3*t - y = -j. Is t even?
True
Suppose 25*o = 37*o - 1980. Does 15 divide o?
True
Let k(q) = -5*q - 7. Suppose 5*j - 18 = 7*j. Let z = 2 + j. Does 17 divide k(z)?
False
Suppose 87 = 2*s - 3*j - 12, -3*s = 5*j - 177. Is 13 a factor of 2604/s + 4/(-18)?
False
Suppose 1 - 13 = -6*r. Suppose 17 + 39 = r*j. Is 7 a factor of j?
True
Suppose -z - 2*n - n + 12 = 0, -z = 4*n - 15. Suppose w + 2 = -4*j, 0 = z*j - 3*w - 6. Does 9 divide (-82)/(-2)*(1 + j)?
False
Suppose -2*r + 807 + 117 = 0. Suppose -n - 233 = -2*w - 4*n, 0 = 4*w + 2*n - r. Is 23 a factor of w?
True
Suppose -4*y - 797 = 5*g, 0 = -5*g - 4*y + 6*y - 779. Let f = g + 430. Let w = f - 193. Does 16 divide w?
True
Suppose -5*i - q = -18123, -2*q - 3650 - 7216 = -3*i. Does 24 divide i?
True
Suppose 2*a + 284 - 874 = 0. Does 13 divide a?
False
Let q(h) be the second derivative of -h**5/10 - h**4/6 - h**3 - 3*h**2/2 - 42*h. Is 6 a factor of q(-4)?
False
Let n(o) be the first derivative of -20*o**2 + o - 8. Does 22 divide n(-2)?
False
Let d(f) = -f**3 + 5*f**2 - 4*f + 4. Let p be d(4). Suppose -3*n = -4*m + 869, 3*m = -3*n + 6*n + 654. Suppose -p*u = u - m. Is u a multiple of 9?
False
Let x(u) = u**2 + 9*u - 24. Let o be x(-12). Let h = 14 - o. Suppose 0 = h*s - 16 - 68. Is s a multiple of 9?
False
Suppose 2*y + j = 0, y - 3*j = 2*j. Suppose -4*f - 3*n = -68, 24 = 2*f - y*f + 4*n. Is f a multiple of 10?
True
Suppose 0 = -5*o + 41 + 39. Suppose 4*g - 124 - o = 0. Is g a multiple of 7?
True
Let w(o) = 34*o - 14. Is w(2) a multiple of 10?
False
Let b = 3 - 4. Let p(u) = -51*u + 3*u - 23*u + 19*u. Is p(b) a multiple of 13?
True
Suppose -21*x = -24*x - 21. Is 18 a fa